 t(q) = 88*q + 146. What is t(-2)?
-30
Let b(d) = 228*d + 51. Give b(1).
279
Let y(h) = -h**3 - 38*h**2 - 347*h - 35. Determine y(-15).
-5
Let p(o) = -23*o - 577. What is p(-23)?
-48
Let f(q) = -2*q**3 + 6*q**2 + 1539*q - 1545. What is f(1)?
-2
Let b(y) = y**3 + 3*y**2 - 78*y - 328. Give b(-5).
12
Let f(l) = 52*l - 330. Determine f(11).
242
Let w(l) = l**3 + 39*l**2 + 275*l + 834. What is w(-31)?
-3
Let d(v) = -66*v - 1406. Calculate d(-22).
46
Let a(g) = 8*g**2 - 495*g + 7524. Give a(35).
-1
Let w(t) = -t**2 - 19*t + 40. Give w(-10).
130
Let k(p) = -173*p + 1048. Determine k(6).
10
Let q(j) = 20*j - 69. What is q(4)?
11
Let p(y) = 10*y - 20. Determine p(10).
80
Let p(y) = -10*y**3 - 9*y**2 + 12*y + 25. Give p(-2).
45
Let f(s) = -s**2 + 40*s - 209. What is f(31)?
70
Let m(h) = 936*h - 2776. Give m(3).
32
Let k(r) = r**3 + 20*r**2 - 3*r + 46. Determine k(0).
46
Let a(h) = -455*h - 911. Determine a(-2).
-1
Let g(d) = -5*d + 47. Give g(12).
-13
Let d(l) = 62*l + 73. Determine d(2).
197
Let z(r) = 19*r**2 + 621*r - 1247. Give z(2).
71
Let a(l) = l**3 - 17*l**2 + 57*l - 416. Give a(14).
-206
Let o(i) = -i**2 - 439*i + 1311. Calculate o(3).
-15
Let w(m) = -25*m - 878. Give w(-39).
97
Let u(b) = b**3 + 13*b**2 - 20*b + 11. Calculate u(-14).
95
Let i(s) = -s**2 + 24*s + 34. Give i(-10).
-306
Let l(n) = -n**2 + 19*n + 39. Give l(21).
-3
Let v(r) = 45*r - 191. What is v(-4)?
-371
Let p(w) = -10*w**2 + 8*w - 2. What is p(-1)?
-20
Let t(w) = w**3 + 11*w**2 + 9*w - 52. What is t(-7)?
81
Let l(p) = p**3 - 21*p**2 + 145*p - 321. Give l(5).
4
Let q(p) = 917*p + 5477. Give q(-6).
-25
Let u(s) = -130*s**2 - 1165*s + 48. Give u(-9).
3
Let s(q) = -q**2 + 315*q - 10220. Calculate s(37).
66
Let q(r) = 6*r**3 + 255*r**2 - 121*r + 382. Determine q(-43).
38
Let u(z) = -z**2 - 45*z + 7327. Determine u(-111).
1
Let p(q) = q**3 + 35*q**2 + 99*q + 80. Determine p(-32).
-16
Let o(z) = 2*z**3 - 11*z**2 - z + 32. What is o(4)?
-20
Let s(v) = -v**3 + 8*v**2 + 38*v + 26. Determine s(12).
-94
Let o(j) = -j**2 + 15*j + 159. Give o(-6).
33
Let b(z) = 2464*z + 17356. What is b(-7)?
108
Let u(k) = k**2 - 154*k + 1311. Give u(145).
6
Let d(x) = -x**2 - 9*x + 19. What is d(-12)?
-17
Let k(x) = 558*x + 82027. Give k(-147).
1
Let o(u) = u**2 - 1983*u - 11902. Determine o(-6).
32
Let q(i) = -6*i**2 + 33*i + 12. Give q(8).
-108
Let g(m) = -m**3 + 53*m**2 + 99*m + 614. Determine g(55).
9
Let u(o) = 13*o**2 + o + 1. What is u(-1)?
13
Let q(s) = -s**2 + 80*s + 115. Determine q(85).
-310
Let h(j) = 6*j + 31. Give h(-5).
1
Let o(i) = -i**3 - 63*i**2 + 854*i + 56786. Calculate o(-62).
-6
Let j(x) = x**3 - 163*x**2 - 1093*x - 16484. Calculate j(170).
6
Let w(b) = 195*b - 2193. Give w(11).
-48
Let z(v) = v**3 - 89*v**2 + 1424*v + 301. Calculate z(68).
29
Let t(f) = -2*f**2 - 56*f + 163. What is t(-31)?
-23
Let q(l) = -40*l**3 + l**2 + 3*l - 5. Give q(2).
-315
Let o(b) = 1042*b - 28140. What is o(27)?
-6
Let s(x) = -3*x**2 + 12*x + 84. Calculate s(10).
-96
Let g(i) = 341*i - 25927. Calculate g(76).
-11
Let r(t) = -22*t - 268. Give r(-13).
18
Let v(k) = 2*k**2 - 15*k - 96. Give v(-4).
-4
Let z(o) = -7*o**2 + 145*o - 741. Give z(11).
7
Let o(i) = i**3 + 18*i**2 - 91*i - 450. Calculate o(-21).
138
Let i(g) = -2*g**2 + 64*g - 490. What is i(13)?
4
Let y(d) = 28*d**3 + 27*d + 62. What is y(-3)?
-775
Let w(g) = g**3 - 2*g**2 + 4*g + 15. Determine w(-3).
-42
Let j(x) = x**3 - 14*x**2 + 8*x + 3. Calculate j(13).
-62
Let w(c) = -9*c + 285. What is w(38)?
-57
Let r(y) = 766*y - 758. Determine r(1).
8
Let u(t) = 2*t**2 - 280*t + 9407. What is u(56)?
-1
Let w(k) = k**2 - 74*k + 930. Give w(16).
2
Let h(f) = 15*f + 374. Give h(-26).
-16
Let f(b) = -2*b**2 + 348*b - 2348. What is f(7)?
-10
Let w(t) = 2*t**3 - 207*t**2 - 311*t - 396. Give w(105).
24
Let u(q) = -q**3 - 51*q**2 - 224*q + 41. Determine u(-5).
11
Let v(b) = b**2 + 49*b + 557. Give v(-20).
-23
Let s(q) = 3*q**2 + 41*q + 295. Determine s(-11).
207
Let u(m) = -m + 94. Calculate u(32).
62
Let l(y) = -54*y - 3028. Determine l(-57).
50
Let d(x) = x**2 - 118*x - 4096. Determine d(146).
-8
Let s(w) = -w**3 + 20*w**2 - 69*w - 8. Calculate s(4).
-28
Let y(j) = 6*j - 41. Give y(4).
-17
Let y(v) = -15*v - 103. What is y(-27)?
302
Let q(l) = -120*l - 3552. Calculate q(-27).
-312
Let v(p) = -p**2 - 97*p + 2068. Give v(18).
-2
Let z(r) = -2*r**2 + 200*r - 790. Determine z(4).
-22
Let c(i) = 1366*i**2 + 28685*i - 23. What is c(-21)?
-2
Let p(j) = -3*j**2 + 101*j - 779. Give p(14).
47
Let c(q) = 1044*q + 42808. Calculate c(-41).
4
Let x(m) = 198*m**2 + 2*m - 1. Calculate x(-1).
195
Let b(z) = 18*z**2 - 2*z - 81. Give b(6).
555
Let q(a) = -2*a**3 - 22*a**2 + 20*a - 39. What is q(-12)?
9
Let a(b) = 2*b**3 + 34*b**2 - 592. Calculate a(-16).
-80
Let c(v) = -38*v + 1455. What is c(39)?
-27
Let f(h) = 3*h**2 - 51*h - 52. What is f(-1)?
2
Let x(z) = z**3 + 12*z**2 + 3*z + 8. Determine x(-10).
178
Let d(t) = 11*t - 92. Give d(12).
40
Let l(i) = 4*i**2 + 80*i + 204. What is l(0)?
204
Let d(g) = g**3 + 126*g**2 + 211*g - 4583. Give d(-124).
5
Let z(c) = 73*c + 3282. What is z(-47)?
-149
Let c(w) = 58*w - 665. Calculate c(9).
-143
Let q(a) = 3*a**2 + 26*a + 42. Give q(-8).
26
Let w(a) = a**3 - 2*a**2 + 25*a - 184. Give w(5).
16
Let v(q) = -q**3 + 29*q**2 + 164*q - 15. Give v(34).
-219
Let c(t) = -32*t - 185. Calculate c(9).
-473
Let h(s) = s**2 + 32*s - 113. Calculate h(5).
72
Let i(h) = -h**2 + 2182*h - 6536. Give i(3).
1
Let i(q) = -q**2 - 28*q + 67. Calculate i(-28).
67
Let h(u) = -291*u**2 - 1435*u + 102. What is h(-5)?
2
Let n(i) = 7*i**2 - 1622*i + 1169. Calculate n(231).
14
Let s(m) = -85*m**3 - 1444*m**2 + 51*m + 573. Give s(-17).
-5
Let x(k) = -13*k**2 + 11*k + 1407. Calculate x(-10).
-3
Let y(x) = 1250*x - 1225. What is y(1)?
25
Let o(t) = -t**2 + 566*t + 6358. Give o(-11).
11
Let i(j) = -7*j + 93. Give i(17).
-26
Let q(y) = 3*y**3 - 117*y**2 - 136*y + 60. Determine q(40).
-580
Let r(n) = -6*n**2 + 102. What is r(6)?
-114
Let m(h) = -h**2 + 349*h - 5647. Give m(17).
-3
Let t(l) = -8*l**2 - 7*l + 74. Determine t(7).
-367
Let a(u) = -5*u**2 - 5*u + 1. What is a(-1)?
1
Let f(l) = 13*l + 726. Determine f(-36).
258
Let d(t) = -t**3 - 80*t**2 + 5769*t - 3405. Calculate d(-126).
-3
Let d(c) = 517*c + 3030. Determine d(-5).
445
Let z(c) = c**3 - 27*c**2 + 74*c - 52. Calculate z(24).
-4
Let p(c) = -8*c**2 + 324*c - 1283. Determine p(36).
13
Let k(a) = a**2 - 12*a - 1267. Give k(42).
-7
Let r(o) = 459*o - 4596. Give r(10).
-6
Let x(h) = -h**2 + 341*h + 683. What is x(-2)?
-3
Let u(d) = 2*d**3 - 26*d - 113. Determine u(-4).
-137
Let j(t) = 7*t + 13. What is j(-9)?
-50
Let g(y) = 9*y**2 - 28*y - 114. Calculate g(8).
238
Let z(l) = 7*l**2 - 151*l + 70. Calculate z(21).
-14
Let c(y) = -6*y**2 - 60*y + 909. Determine c(-18).
45
Let r(t) = -t**2 + 85*t - 1686. What is r(31)?
-12
Let x(m) = -m**3 - 21*m**2 - 73*m - 102. Give x(-16).
-214
Let d(n) = -8*n**2 - 12*n - 57. Determine d(-10).
-737
Let c(r) = r**2 + 79*r - 1190. Give c(-92).
6
Let o(j) = j**3 - 109*j**2 + 2595*j - 414. Determine o(74).
-44
Let g(j) = -11*j**3 + 105*j**2 - 18*j + 33. Give g(10).
-647
Let y(m) = -m**3 + 34*m**2 - 183*m - 108. What is y(27)?
54
Let o(s) = -29*s**3 + 59*s**2 - s + 3. What is o(2)?
5
Let u(b) = -3*b**3 - 201*b**2 + 209*b + 352. Determine u(-68).
12
Let t(u) = 6*u**2 - 180*u + 33. What is t(30)?
33
Let o(r) = 17*r + 306. Calculate o(-19).
-17
Let r(v) = 11*v + 102. Calculate r(-10).
-8
Let f(l) = -45*l - 728. What is f(-14)?
-98
Let u(j) = -j**2 + 14*j - 55. Give u(5).
-10
Let p(w) = -w**3 - 2*w**2 + 15*w + 106. What is p(5)?
6
Let y(q) = 1470*q - 138189. What is y(94)?
-9
Let c(x) = -532*x**3 - x + 3. Give c(1).
-530
Let d(g) = 2*g**2 + 134*g + 1606. Determine d(-52).
46
Let b(l) = 3*l**2 - 393*l - 2462. Give b(-6).
4
Let l(n) = -296*n + 570. Calculate l(2).
-22
Let s(y) = -y**3 - 14*y**2 - 13*y - 87. What is s(-13)?
-87
Let a(n) = -398*n + 13110. Determine a(33).
-24
Let w(n) = -1392*n + 18093. What is w(13)?
-3
Let o(l) = l**2 - 25*l - 114. What is o(17)?
-250
Let u(q) = -2*q**2 - 88*q - 32. Give u(-44).
-32
Let r(i) = -2*i**3 + 67*i**2 + 27*i + 241. What is r(34)?
3
Let w(n) = n**2 - 8*n - 151. Determine w(-13).
122
Let f(l) = 2*l**2 + 126*l - 579. What is f(-68)?
101
Let b(o) = -o**3 -